{"id":95,"date":"2019-10-17T17:31:35","date_gmt":"2019-10-17T15:31:35","guid":{"rendered":"http:\/\/einsiedel-architekten.de\/cms\/?page_id=95"},"modified":"2019-12-11T14:47:08","modified_gmt":"2019-12-11T13:47:08","slug":"vita","status":"publish","type":"page","link":"http:\/\/einsiedel-architekten.de\/cms\/vita\/","title":{"rendered":"VITA"},"content":{"rendered":"\n<p style=\"color:#dd890b\" class=\"has-text-color\"><\/p>\n\n\n\n<p style=\"color:#dd890b\" class=\"has-text-color\"><strong>Sandro Graf von Einsiedel, Dipl.Ing. Architekt BDA<\/strong><br><br><\/p>\n\n\n\n<p style=\"color:#dd890b\" class=\"has-text-color\">AUSBILDUNG<\/p>\n\n\n\n<p>1970-73&nbsp;&nbsp;&nbsp;&nbsp;&nbsp;&nbsp;&nbsp;&nbsp;&nbsp;&nbsp; Architekturstudium an der TH Darmstadt<\/p>\n\n\n\n<p>1973-75&nbsp;&nbsp;&nbsp;&nbsp;&nbsp;&nbsp;   &nbsp;   &nbsp; Auslandsstudium an der Architectural Association <\/p>\n\n\n\n<p>&nbsp;&nbsp;&nbsp;&nbsp;&nbsp;&nbsp;&nbsp;&nbsp;&nbsp;&nbsp;&nbsp;&nbsp;&nbsp;&nbsp;&nbsp;&nbsp;&nbsp;&nbsp;&nbsp;&nbsp;&nbsp; &nbsp;    School of Architecture, London, GB<\/p>\n\n\n\n<p>1975-79&nbsp;&nbsp;&nbsp;&nbsp;    &nbsp;&nbsp;  &nbsp;&nbsp; Fortsetzung des Studiums an der TH Darmstadt, Diplom<\/p>\n\n\n\n<p>&nbsp;&nbsp;&nbsp;&nbsp;&nbsp;&nbsp;&nbsp;&nbsp;&nbsp;&nbsp;&nbsp;&nbsp;&nbsp;&nbsp;&nbsp;&nbsp;&nbsp;&nbsp;&nbsp;&nbsp;   &nbsp;&nbsp; Studienbegleitende Mitarbeit in Architekturb\u00fcros<br><br><\/p>\n\n\n\n<p style=\"color:#dd890b\" class=\"has-text-color\">BERUFLICHER WERDEGANG<\/p>\n\n\n\n<p>1979-81&nbsp;&nbsp;&nbsp;&nbsp;  &nbsp;&nbsp;&nbsp;&nbsp;&nbsp; B\u00fcro in Frankfurt mit A.Keller u. K.Papayannis: Bearbeitung von Architektur-Wettbewerben <\/p>\n\n\n\n<p>1981-83&nbsp;&nbsp;&nbsp;&nbsp;  &nbsp;&nbsp;&nbsp;&nbsp;&nbsp; Mitarbeit als Projektleiter im B\u00fcro Prof.Th.Sieverts, Bonn, f\u00fcr st\u00e4dtebauliche und stadtgestalterische Projekte <\/p>\n\n\n\n<p> 1983&nbsp;&nbsp;&nbsp;&nbsp;&nbsp;&nbsp;&nbsp;&nbsp;&nbsp;&nbsp;&nbsp;&nbsp;&nbsp;&nbsp;&nbsp;  Gr\u00fcndung eines eigenen Architekturb\u00fcros in K\u00f6ln : Planung und Bauleitung von Umbau- und Modernisierungsvorhaben<\/p>\n\n\n\n<p>1986&nbsp;&nbsp;&nbsp;&nbsp;&nbsp;&nbsp;&nbsp;&nbsp;&nbsp;&nbsp;&nbsp;&nbsp;&nbsp;&nbsp;&nbsp;&nbsp; Berufung\nin den Bund Deutscher Architekten<\/p>\n\n\n\n<p>1988-2002&nbsp;&nbsp;&nbsp;&nbsp;&nbsp;&nbsp;&nbsp; Partnerschaft mit Reinhard Haeffner, Architekt, K\u00f6ln<\/p>\n\n\n\n<p>1990-1999&nbsp;&nbsp;&nbsp;&nbsp;&nbsp;&nbsp;&nbsp; Architekturb\u00fcro von Einsiedel, Haeffner und Schulze in Dresden<\/p>\n\n\n\n<p>ab 1990&nbsp;&nbsp;&nbsp;&nbsp;&nbsp;&nbsp;&nbsp;&nbsp;&nbsp;&nbsp;&nbsp; Fachpreisrichter bei hoch- und st\u00e4dtebaul. Wettbewerben in NRW, Sachsen und BW<\/p>\n\n\n\n<p> 1995&nbsp;&nbsp;&nbsp;&nbsp;&nbsp;&nbsp;&nbsp;&nbsp;&nbsp;&nbsp;&nbsp;&nbsp;&nbsp; &nbsp;&nbsp;  K\u00f6lner Architekturpreis  <\/p>\n\n\n\n<p>1997&nbsp;&nbsp;&nbsp;&nbsp;&nbsp;&nbsp;&nbsp;&nbsp;&nbsp;&nbsp;&nbsp;&nbsp;&nbsp;&nbsp;&nbsp;&nbsp; Auszeichnung: Vorbildliche Bauten in Handwerk und Industrie in NRW<\/p>\n\n\n\n<p>1998-2001&nbsp;&nbsp;&nbsp;&nbsp;&nbsp;&nbsp;&nbsp; Projektpartnerschaft mit Prof. Dr. Schmidt-Thomsen &amp; Ziegert, Architekten, Berlin <\/p>\n\n\n\n<p>1998&nbsp;&nbsp;&nbsp;&nbsp;&nbsp;&nbsp;&nbsp;&nbsp;&nbsp;&nbsp;&nbsp;&nbsp;&nbsp;&nbsp;&nbsp;&nbsp; Gestaltungspreis\nder W\u00fcstenrot-Stiftung \u201eUmnutzung im Bestand: Neue Zwecke f\u00fcr alte Geb\u00e4ude\u201c<\/p>\n\n\n\n<p>1999-2009&nbsp;&nbsp;&nbsp;&nbsp;&nbsp;&nbsp;&nbsp; Lehrauftrag an der Universit\u00e4t Stuttgart \u201c Planen und Bauen im Bestand\u201c<\/p>\n\n\n\n<p>&nbsp;&nbsp;&nbsp;&nbsp;&nbsp;&nbsp;&nbsp;&nbsp;&nbsp;&nbsp;&nbsp;&nbsp;&nbsp;&nbsp;&nbsp;&nbsp;&nbsp;&nbsp;&nbsp;&nbsp;&nbsp; &nbsp;&nbsp;  am Institut f\u00fcr Baukonstruktion, Lehrstuhl I, Prof. Peter Cheret<\/p>\n\n\n\n<p>2000&nbsp;&nbsp;&nbsp;&nbsp;&nbsp;&nbsp;&nbsp;&nbsp;&nbsp;&nbsp;&nbsp;&nbsp; &nbsp;&nbsp;&nbsp; BDA Architekturpreis NRW | Auszeichnung Vorbildlicher Bauten in NRW<\/p>\n\n\n\n<p>2000-heute&nbsp;&nbsp;&nbsp;&nbsp;&nbsp;&nbsp; von Einsiedel Architekten in Stuttgart<\/p>\n\n\n\n<p> 2008&nbsp;&nbsp;&nbsp;&nbsp;&nbsp;&nbsp;&nbsp;&nbsp;&nbsp;&nbsp;&nbsp;&nbsp;&nbsp;&nbsp;&nbsp;&nbsp;  Denkmalschutzpreis Baden-W\u00fcrttemberg <\/p>\n\n\n\n<p>2010&nbsp;&nbsp;&nbsp;&nbsp;&nbsp;&nbsp;&nbsp;&nbsp;&nbsp;&nbsp;&nbsp;&nbsp;&nbsp;&nbsp;&nbsp;&nbsp; Ernennung zum Honorarprofessor an der Architekturfakult\u00e4t, Universit\u00e4t Stuttgart<\/p>\n\n\n\n<p> seit 2014\u00a0\u00a0\u00a0\u00a0\u00a0\u00a0 \u00a0\u00a0\u00a0 Projektpartnerschaft mit H.P. Matheis, Architekt + Energieberater, architektur+energie<br><\/p>\n\n\n\n<p><br><br><\/p>\n\n\n\n<p class=\"has-text-align-center\"><a href=\"http:\/\/einsiedel-architekten.de\/cms\/reiseskizzen\/\">REISESKIZZEN<\/a><br><br><br><br><br><br><br><\/p>\n\n\n\n<p><\/p>\n","protected":false},"excerpt":{"rendered":"<p>Sandro Graf von Einsiedel, Dipl.Ing. Architekt BDA AUSBILDUNG 1970-73&nbsp;&nbsp;&nbsp;&nbsp;&nbsp;&nbsp;&nbsp;&nbsp;&nbsp;&nbsp; Architekturstudium an der TH Darmstadt 1973-75&nbsp;&nbsp;&nbsp;&nbsp;&nbsp;&nbsp; &nbsp; &nbsp; Auslandsstudium an der Architectural Association &nbsp;&nbsp;&nbsp;&nbsp;&nbsp;&nbsp;&nbsp;&nbsp;&nbsp;&nbsp;&nbsp;&nbsp;&nbsp;&nbsp;&nbsp;&nbsp;&nbsp;&nbsp;&nbsp;&nbsp;&nbsp; &nbsp; School of Architecture, London, GB 1975-79&nbsp;&nbsp;&nbsp;&nbsp; &nbsp;&nbsp; &nbsp;&nbsp; Fortsetzung des Studiums an der TH Darmstadt, Diplom &nbsp;&nbsp;&nbsp;&nbsp;&nbsp;&nbsp;&nbsp;&nbsp;&nbsp;&nbsp;&nbsp;&nbsp;&nbsp;&nbsp;&nbsp;&nbsp;&nbsp;&nbsp;&nbsp;&nbsp; &nbsp;&nbsp; Studienbegleitende Mitarbeit in Architekturb\u00fcros BERUFLICHER WERDEGANG 1979-81&nbsp;&nbsp;&nbsp;&nbsp; &nbsp;&nbsp;&nbsp;&nbsp;&nbsp; B\u00fcro in Frankfurt mit A.Keller [&hellip;]<\/p>\n","protected":false},"author":2,"featured_media":0,"parent":0,"menu_order":0,"comment_status":"closed","ping_status":"closed","template":"","meta":{"_vp_format_video_url":"","_vp_image_focal_point":[],"footnotes":""},"folder":[4],"class_list":["post-95","page","type-page","status-publish","hentry"],"_links":{"self":[{"href":"http:\/\/einsiedel-architekten.de\/cms\/wp-json\/wp\/v2\/pages\/95","targetHints":{"allow":["GET"]}}],"collection":[{"href":"http:\/\/einsiedel-architekten.de\/cms\/wp-json\/wp\/v2\/pages"}],"about":[{"href":"http:\/\/einsiedel-architekten.de\/cms\/wp-json\/wp\/v2\/types\/page"}],"author":[{"embeddable":true,"href":"http:\/\/einsiedel-architekten.de\/cms\/wp-json\/wp\/v2\/users\/2"}],"replies":[{"embeddable":true,"href":"http:\/\/einsiedel-architekten.de\/cms\/wp-json\/wp\/v2\/comments?post=95"}],"version-history":[{"count":89,"href":"http:\/\/einsiedel-architekten.de\/cms\/wp-json\/wp\/v2\/pages\/95\/revisions"}],"predecessor-version":[{"id":1769,"href":"http:\/\/einsiedel-architekten.de\/cms\/wp-json\/wp\/v2\/pages\/95\/revisions\/1769"}],"wp:attachment":[{"href":"http:\/\/einsiedel-architekten.de\/cms\/wp-json\/wp\/v2\/media?parent=95"}],"wp:term":[{"taxonomy":"folder","embeddable":true,"href":"http:\/\/einsiedel-architekten.de\/cms\/wp-json\/wp\/v2\/folder?post=95"}],"curies":[{"name":"wp","href":"https:\/\/api.w.org\/{rel}","templated":true}]}}

<p style="color:#dd890b" class="has-text-color"></p>



<p style="color:#dd890b" class="has-text-color"><strong>Sandro Graf von Einsiedel, Dipl.Ing. Architekt BDA</strong><br><br></p>



<p style="color:#dd890b" class="has-text-color">AUSBILDUNG</p>



<p>1970-73&nbsp;&nbsp;&nbsp;&nbsp;&nbsp;&nbsp;&nbsp;&nbsp;&nbsp;&nbsp; Architekturstudium an der TH Darmstadt</p>



<p>1973-75&nbsp;&nbsp;&nbsp;&nbsp;&nbsp;&nbsp;   &nbsp;   &nbsp; Auslandsstudium an der Architectural Association </p>



<p>&nbsp;&nbsp;&nbsp;&nbsp;&nbsp;&nbsp;&nbsp;&nbsp;&nbsp;&nbsp;&nbsp;&nbsp;&nbsp;&nbsp;&nbsp;&nbsp;&nbsp;&nbsp;&nbsp;&nbsp;&nbsp; &nbsp;    School of Architecture, London, GB</p>



<p>1975-79&nbsp;&nbsp;&nbsp;&nbsp;    &nbsp;&nbsp;  &nbsp;&nbsp; Fortsetzung des Studiums an der TH Darmstadt, Diplom</p>



<p>&nbsp;&nbsp;&nbsp;&nbsp;&nbsp;&nbsp;&nbsp;&nbsp;&nbsp;&nbsp;&nbsp;&nbsp;&nbsp;&nbsp;&nbsp;&nbsp;&nbsp;&nbsp;&nbsp;&nbsp;   &nbsp;&nbsp; Studienbegleitende Mitarbeit in Architekturbüros<br><br></p>



<p style="color:#dd890b" class="has-text-color">BERUFLICHER WERDEGANG</p>



<p>1979-81&nbsp;&nbsp;&nbsp;&nbsp;  &nbsp;&nbsp;&nbsp;&nbsp;&nbsp; Büro in Frankfurt mit A.Keller u. K.Papayannis: Bearbeitung von Architektur-Wettbewerben </p>



<p>1981-83&nbsp;&nbsp;&nbsp;&nbsp;  &nbsp;&nbsp;&nbsp;&nbsp;&nbsp; Mitarbeit als Projektleiter im Büro Prof.Th.Sieverts, Bonn, für städtebauliche und stadtgestalterische Projekte </p>



<p> 1983&nbsp;&nbsp;&nbsp;&nbsp;&nbsp;&nbsp;&nbsp;&nbsp;&nbsp;&nbsp;&nbsp;&nbsp;&nbsp;&nbsp;&nbsp;  Gründung eines eigenen Architekturbüros in Köln : Planung und Bauleitung von Umbau- und Modernisierungsvorhaben</p>



<p>1986&nbsp;&nbsp;&nbsp;&nbsp;&nbsp;&nbsp;&nbsp;&nbsp;&nbsp;&nbsp;&nbsp;&nbsp;&nbsp;&nbsp;&nbsp;&nbsp; Berufung
in den Bund Deutscher Architekten</p>



<p>1988-2002&nbsp;&nbsp;&nbsp;&nbsp;&nbsp;&nbsp;&nbsp; Partnerschaft mit Reinhard Haeffner, Architekt, Köln</p>



<p>1990-1999&nbsp;&nbsp;&nbsp;&nbsp;&nbsp;&nbsp;&nbsp; Architekturbüro von Einsiedel, Haeffner und Schulze in Dresden</p>



<p>ab 1990&nbsp;&nbsp;&nbsp;&nbsp;&nbsp;&nbsp;&nbsp;&nbsp;&nbsp;&nbsp;&nbsp; Fachpreisrichter bei hoch- und städtebaul. Wettbewerben in NRW, Sachsen und BW</p>



<p> 1995&nbsp;&nbsp;&nbsp;&nbsp;&nbsp;&nbsp;&nbsp;&nbsp;&nbsp;&nbsp;&nbsp;&nbsp;&nbsp; &nbsp;&nbsp;  Kölner Architekturpreis  </p>



<p>1997&nbsp;&nbsp;&nbsp;&nbsp;&nbsp;&nbsp;&nbsp;&nbsp;&nbsp;&nbsp;&nbsp;&nbsp;&nbsp;&nbsp;&nbsp;&nbsp; Auszeichnung: Vorbildliche Bauten in Handwerk und Industrie in NRW</p>



<p>1998-2001&nbsp;&nbsp;&nbsp;&nbsp;&nbsp;&nbsp;&nbsp; Projektpartnerschaft mit Prof. Dr. Schmidt-Thomsen &amp; Ziegert, Architekten, Berlin </p>



<p>1998&nbsp;&nbsp;&nbsp;&nbsp;&nbsp;&nbsp;&nbsp;&nbsp;&nbsp;&nbsp;&nbsp;&nbsp;&nbsp;&nbsp;&nbsp;&nbsp; Gestaltungspreis
der Wüstenrot-Stiftung „Umnutzung im Bestand: Neue Zwecke für alte Gebäude“</p>



<p>1999-2009&nbsp;&nbsp;&nbsp;&nbsp;&nbsp;&nbsp;&nbsp; Lehrauftrag an der Universität Stuttgart “ Planen und Bauen im Bestand“</p>



<p>&nbsp;&nbsp;&nbsp;&nbsp;&nbsp;&nbsp;&nbsp;&nbsp;&nbsp;&nbsp;&nbsp;&nbsp;&nbsp;&nbsp;&nbsp;&nbsp;&nbsp;&nbsp;&nbsp;&nbsp;&nbsp; &nbsp;&nbsp;  am Institut für Baukonstruktion, Lehrstuhl I, Prof. Peter Cheret</p>



<p>2000&nbsp;&nbsp;&nbsp;&nbsp;&nbsp;&nbsp;&nbsp;&nbsp;&nbsp;&nbsp;&nbsp;&nbsp; &nbsp;&nbsp;&nbsp; BDA Architekturpreis NRW | Auszeichnung Vorbildlicher Bauten in NRW</p>



<p>2000-heute&nbsp;&nbsp;&nbsp;&nbsp;&nbsp;&nbsp; von Einsiedel Architekten in Stuttgart</p>



<p> 2008&nbsp;&nbsp;&nbsp;&nbsp;&nbsp;&nbsp;&nbsp;&nbsp;&nbsp;&nbsp;&nbsp;&nbsp;&nbsp;&nbsp;&nbsp;&nbsp;  Denkmalschutzpreis Baden-Württemberg </p>



<p>2010&nbsp;&nbsp;&nbsp;&nbsp;&nbsp;&nbsp;&nbsp;&nbsp;&nbsp;&nbsp;&nbsp;&nbsp;&nbsp;&nbsp;&nbsp;&nbsp; Ernennung zum Honorarprofessor an der Architekturfakultät, Universität Stuttgart</p>



<p> seit 2014           Projektpartnerschaft mit H.P. Matheis, Architekt + Energieberater, architektur+energie<br></p>



<p><br><br></p>



<p class="has-text-align-center"><a href="http://einsiedel-architekten.de/cms/reiseskizzen/">REISESKIZZEN</a><br><br><br><br><br><br><br></p>



<p></p>

<p>Sandro Graf von Einsiedel, Dipl.Ing. Architekt BDA AUSBILDUNG 1970-73&nbsp;&nbsp;&nbsp;&nbsp;&nbsp;&nbsp;&nbsp;&nbsp;&nbsp;&nbsp; Architekturstudium an der TH Darmstadt 1973-75&nbsp;&nbsp;&nbsp;&nbsp;&nbsp;&nbsp; &nbsp; &nbsp; Auslandsstudium an der Architectural Association &nbsp;&nbsp;&nbsp;&nbsp;&nbsp;&nbsp;&nbsp;&nbsp;&nbsp;&nbsp;&nbsp;&nbsp;&nbsp;&nbsp;&nbsp;&nbsp;&nbsp;&nbsp;&nbsp;&nbsp;&nbsp; &nbsp; School of Architecture, London, GB 1975-79&nbsp;&nbsp;&nbsp;&nbsp; &nbsp;&nbsp; &nbsp;&nbsp; Fortsetzung des Studiums an der TH Darmstadt, Diplom &nbsp;&nbsp;&nbsp;&nbsp;&nbsp;&nbsp;&nbsp;&nbsp;&nbsp;&nbsp;&nbsp;&nbsp;&nbsp;&nbsp;&nbsp;&nbsp;&nbsp;&nbsp;&nbsp;&nbsp; &nbsp;&nbsp; Studienbegleitende Mitarbeit in Architekturbüros BERUFLICHER WERDEGANG 1979-81&nbsp;&nbsp;&nbsp;&nbsp; &nbsp;&nbsp;&nbsp;&nbsp;&nbsp; Büro in Frankfurt mit A.Keller [&hellip;]</p>
