{"id":94,"date":"2019-10-17T17:31:35","date_gmt":"2019-10-17T15:31:35","guid":{"rendered":"http:\/\/einsiedel-architekten.de\/cms\/?page_id=94"},"modified":"2020-01-09T12:55:48","modified_gmt":"2020-01-09T11:55:48","slug":"team","status":"publish","type":"page","link":"http:\/\/einsiedel-architekten.de\/cms\/team\/","title":{"rendered":"TEAM + KOOPERATIONEN"},"content":{"rendered":"\n<p><\/p>\n\n\n\n<p style=\"color:#dd890b\" class=\"has-text-color\">MITARBEITER SEIT 2015<\/p>\n\n\n\n<p>Victor Guimera, Dipl.-Ing. Arch<\/p>\n\n\n\n<p>Maria Rama, B.Sc. Arch<\/p>\n\n\n\n<p>Jona Jacobs, M.Sc. Arch<\/p>\n\n\n\n<p>David Frei, B.Sc. Arch<\/p>\n\n\n\n<p>Armand Piqueras, B.Sc. Arch<br><br><\/p>\n\n\n<p><!--StartFragment--><\/p>\n\n\n<p><strong>KOOPERATIONSPARTNER:<\/strong><br><strong><br><\/strong><\/p>\n\n\n\n<p style=\"color:#dd890b\" class=\"has-text-color\">FREIRAUMPLANUNG UND LANDSCHAFTSARCHITEKTUR<\/p>\n\n\n\n<p><strong>COQUI   MALACHOWSKA   COQUI<br><\/strong>Potsdamerstr. 105 10785 Berlin<br>+49-30-79747881, -82  office@cmcberlin.de<br>www.coquimalachowskacoqui.com<\/p>\n\n\n\n<p><strong>Pfrommer + Roeder<br><\/strong>Humboldtstrasse 6 70178 Stuttgart<br>+49-711-96003-0  kontakt@pfrommer-roeder.de <br>www.pfrommer-roeder.de<br><br><\/p>\n\n\n\n<p style=\"color:#dd890b\" class=\"has-text-color\">TRAGWERKSPLANUNG<\/p>\n\n\n\n<p><strong>Werner Sobek AG<br><\/strong>Albstra\u00dfe 14 70597 Stuttgart<br>+49-711-76750-0 mail@wernersobek.com<br>www.wernersobek.com<\/p>\n\n\n\n<p><strong> BfB-B\u00fcro f\u00fcr Baukonstruktionen GmbH<br><\/strong> Rastatter Str. 25, 76199 Karlsruhe<br> +49-721-964010 info@bfb-ka.de<br>www.bfb-ka.de<br><br><\/p>\n\n\n\n<p style=\"color:#dd890b\" class=\"has-text-color\">TECHNISCHE GEB\u00c4UDEAUSR\u00dcSTUNG<\/p>\n\n\n\n<p><strong>Julius Berger International GmbH<\/strong><br>Abraham-Lincoln-Stra\u00dfe 44 65189 Wiesbaden<br>+49-611-13903000 jbi@julius-berger.com<br>www.julius-berger-int.com<br><br><\/p>\n\n\n\n<p style=\"color:#dd890b\" class=\"has-text-color\">ENERGIEBERATUNG<\/p>\n\n\n\n<p><strong>H.P. Matheis<\/strong> <strong>architektur + energie<br><\/strong>linzer stra\u00dfe 97 70469 Stuttgart<br>+49-711-2736608 hpm@architekturundenergie.info<br>www.architekturundenergie.info  <\/p>\n\n\n\n<p><strong>eb\u00f6k Planung und Entwicklung GmbH<br><\/strong>Schellingstra\u00dfe 4\/2 72072 T\u00fcbingen<br>+49-7071-9394-0 mail@eboek.de<br>www.eboek.de<br><br><\/p>\n\n\n\n<p style=\"color:#dd890b\" class=\"has-text-color\">STADT- UND VERKEHRSPLANUNG<\/p>\n\n\n\n<p><strong>StetePlanung<br><\/strong>Sandbergstra\u00dfe 65 64285 Darmstadt<br>+49-6151-65233 kontakt@steteplanung.de<br>www.steteplanung.de<br><br><br><br><br><\/p>\n","protected":false},"excerpt":{"rendered":"<p>MITARBEITER SEIT 2015 Victor Guimera, Dipl.-Ing. Arch Maria Rama, B.Sc. Arch Jona Jacobs, M.Sc. Arch David Frei, B.Sc. Arch Armand Piqueras, B.Sc. Arch KOOPERATIONSPARTNER: FREIRAUMPLANUNG UND LANDSCHAFTSARCHITEKTUR COQUI MALACHOWSKA COQUIPotsdamerstr. 105 10785 Berlin+49-30-79747881, -82 office@cmcberlin.dewww.coquimalachowskacoqui.com Pfrommer + RoederHumboldtstrasse 6 70178 Stuttgart+49-711-96003-0 kontakt@pfrommer-roeder.de www.pfrommer-roeder.de TRAGWERKSPLANUNG Werner Sobek AGAlbstra\u00dfe 14 70597 Stuttgart+49-711-76750-0 mail@wernersobek.comwww.wernersobek.com BfB-B\u00fcro f\u00fcr Baukonstruktionen GmbH [&hellip;]<\/p>\n","protected":false},"author":2,"featured_media":0,"parent":0,"menu_order":0,"comment_status":"closed","ping_status":"closed","template":"","meta":{"_vp_format_video_url":"","_vp_image_focal_point":[],"footnotes":""},"folder":[4],"class_list":["post-94","page","type-page","status-publish","hentry"],"_links":{"self":[{"href":"http:\/\/einsiedel-architekten.de\/cms\/wp-json\/wp\/v2\/pages\/94","targetHints":{"allow":["GET"]}}],"collection":[{"href":"http:\/\/einsiedel-architekten.de\/cms\/wp-json\/wp\/v2\/pages"}],"about":[{"href":"http:\/\/einsiedel-architekten.de\/cms\/wp-json\/wp\/v2\/types\/page"}],"author":[{"embeddable":true,"href":"http:\/\/einsiedel-architekten.de\/cms\/wp-json\/wp\/v2\/users\/2"}],"replies":[{"embeddable":true,"href":"http:\/\/einsiedel-architekten.de\/cms\/wp-json\/wp\/v2\/comments?post=94"}],"version-history":[{"count":25,"href":"http:\/\/einsiedel-architekten.de\/cms\/wp-json\/wp\/v2\/pages\/94\/revisions"}],"predecessor-version":[{"id":1819,"href":"http:\/\/einsiedel-architekten.de\/cms\/wp-json\/wp\/v2\/pages\/94\/revisions\/1819"}],"wp:attachment":[{"href":"http:\/\/einsiedel-architekten.de\/cms\/wp-json\/wp\/v2\/media?parent=94"}],"wp:term":[{"taxonomy":"folder","embeddable":true,"href":"http:\/\/einsiedel-architekten.de\/cms\/wp-json\/wp\/v2\/folder?post=94"}],"curies":[{"name":"wp","href":"https:\/\/api.w.org\/{rel}","templated":true}]}}

<p></p>



<p style="color:#dd890b" class="has-text-color">MITARBEITER SEIT 2015</p>



<p>Victor Guimera, Dipl.-Ing. Arch</p>



<p>Maria Rama, B.Sc. Arch</p>



<p>Jona Jacobs, M.Sc. Arch</p>



<p>David Frei, B.Sc. Arch</p>



<p>Armand Piqueras, B.Sc. Arch<br><br></p>


<p><!--StartFragment--></p>


<p><strong>KOOPERATIONSPARTNER:</strong><br><strong><br></strong></p>



<p style="color:#dd890b" class="has-text-color">FREIRAUMPLANUNG UND LANDSCHAFTSARCHITEKTUR</p>



<p><strong>COQUI   MALACHOWSKA   COQUI<br></strong>Potsdamerstr. 105 10785 Berlin<br>+49-30-79747881, -82  office@cmcberlin.de<br>www.coquimalachowskacoqui.com</p>



<p><strong>Pfrommer + Roeder<br></strong>Humboldtstrasse 6 70178 Stuttgart<br>+49-711-96003-0  kontakt@pfrommer-roeder.de <br>www.pfrommer-roeder.de<br><br></p>



<p style="color:#dd890b" class="has-text-color">TRAGWERKSPLANUNG</p>



<p><strong>Werner Sobek AG<br></strong>Albstraße 14 70597 Stuttgart<br>+49-711-76750-0 mail@wernersobek.com<br>www.wernersobek.com</p>



<p><strong> BfB-Büro für Baukonstruktionen GmbH<br></strong> Rastatter Str. 25, 76199 Karlsruhe<br> +49-721-964010 info@bfb-ka.de<br>www.bfb-ka.de<br><br></p>



<p style="color:#dd890b" class="has-text-color">TECHNISCHE GEBÄUDEAUSRÜSTUNG</p>



<p><strong>Julius Berger International GmbH</strong><br>Abraham-Lincoln-Straße 44 65189 Wiesbaden<br>+49-611-13903000 jbi@julius-berger.com<br>www.julius-berger-int.com<br><br></p>



<p style="color:#dd890b" class="has-text-color">ENERGIEBERATUNG</p>



<p><strong>H.P. Matheis</strong> <strong>architektur + energie<br></strong>linzer straße 97 70469 Stuttgart<br>+49-711-2736608 hpm@architekturundenergie.info<br>www.architekturundenergie.info  </p>



<p><strong>ebök Planung und Entwicklung GmbH<br></strong>Schellingstraße 4/2 72072 Tübingen<br>+49-7071-9394-0 mail@eboek.de<br>www.eboek.de<br><br></p>



<p style="color:#dd890b" class="has-text-color">STADT- UND VERKEHRSPLANUNG</p>



<p><strong>StetePlanung<br></strong>Sandbergstraße 65 64285 Darmstadt<br>+49-6151-65233 kontakt@steteplanung.de<br>www.steteplanung.de<br><br><br><br><br></p>

<p>MITARBEITER SEIT 2015 Victor Guimera, Dipl.-Ing. Arch Maria Rama, B.Sc. Arch Jona Jacobs, M.Sc. Arch David Frei, B.Sc. Arch Armand Piqueras, B.Sc. Arch KOOPERATIONSPARTNER: FREIRAUMPLANUNG UND LANDSCHAFTSARCHITEKTUR COQUI MALACHOWSKA COQUIPotsdamerstr. 105 10785 Berlin+49-30-79747881, -82 office@cmcberlin.dewww.coquimalachowskacoqui.com Pfrommer + RoederHumboldtstrasse 6 70178 Stuttgart+49-711-96003-0 kontakt@pfrommer-roeder.de www.pfrommer-roeder.de TRAGWERKSPLANUNG Werner Sobek AGAlbstraße 14 70597 Stuttgart+49-711-76750-0 mail@wernersobek.comwww.wernersobek.com BfB-Büro für Baukonstruktionen GmbH [&hellip;]</p>
