{"id":100,"date":"2019-10-17T17:31:35","date_gmt":"2019-10-17T15:31:35","guid":{"rendered":"http:\/\/einsiedel-architekten.de\/cms\/?page_id=100"},"modified":"2019-12-17T16:43:32","modified_gmt":"2019-12-17T15:43:32","slug":"veroeffentlichungen","status":"publish","type":"page","link":"http:\/\/einsiedel-architekten.de\/cms\/veroeffentlichungen\/","title":{"rendered":"VER\u00d6FFENTLICHUNGEN"},"content":{"rendered":"\n<p><\/p>\n\n\n\n<p style=\"color:#dd890b\" class=\"has-text-color\">1.&nbsp;EIGENE VER\u00d6FFENTLICHUNGEN <\/p>\n\n\n\n<p>ach .Ansichten zur Architektur, Heft 21\/2006<br><em>\u201dKochenhof &#8211; im Kern modern?\u201d<\/em><\/p>\n\n\n\n<p>Schriftenreihe d. Instituts f. Massivbau, TH Darmstadt; Heft 20; 10\/99<br><em>\u201dBauten im Wandel\u201d: Drei Dresdner Regierungsbauten<\/em><\/p>\n\n\n\n<p>Bausubstanz, Heft 1\/97<br><em>Die Magie der reinen Form : Umbau des ehemals K\u00f6nigl. S\u00e4chsischen Finanzministeriums in Dresden <\/em><\/p>\n\n\n\n<p>Schriftenreihe d. Stadterneuerungsamts,  Dresden 1993<br><em>Erneuerungskonzept ( Text- und Planteil ), Stadterneuerung f\u00fcr Dresden: Sanierungsgebiet \u00c4u\u00dfere Neustadt &nbsp;&nbsp;&nbsp;&nbsp;&nbsp;&nbsp;&nbsp;&nbsp;&nbsp;&nbsp;&nbsp;&nbsp; &nbsp;&nbsp;&nbsp;&nbsp;&nbsp;&nbsp;&nbsp;&nbsp;&nbsp;&nbsp;&nbsp; <\/em><\/p>\n\n\n\n<p>Z\u00dcBLIN aktuell, Ausgabe 10\/92<br><em>Umspannwerk MediaPark K\u00f6ln: Technische Skulptur mit Holographien<\/em><\/p>\n\n\n\n<p>Stadtbauwelt, Heft 63\/79<br><em>Idee, Anspruch und Wirklichkeit: Die Nordweststadt in Frankfurt\/Main<br><\/em><br><br><\/p>\n\n\n\n<p style=\"color:#dd890b\" class=\"has-text-color\">2. VER\u00d6FFENTLICHUNGEN \u00dcBER BAUTEN UND PROJEKTE IN FACHZEITSCHRIFTEN UND ZEITUNGEN<\/p>\n\n\n\n<p class=\"has-normal-font-size\">Main-Post W\u00fcrzburg, 18.09.2019<br>Neubau HLH-Hochhaus, W\u00fcrzburg<br><em>W\u00fcrzburger Hochhaus-Projekt ist eine Etappe weiter\u00a0\u00a0\u00a0\u00a0\u00a0\u00a0\u00a0\u00a0\u00a0\u00a0\u00a0\u00a0\u00a0\u00a0\u00a0\u00a0 <\/em><\/p>\n\n\n\n<p>SWR Landesschau, 09.04.2019<br>Revitalisierung Schlo\u00df Schaumburg<br><em>Neues Leben f\u00fcr die Schaumburg <\/em> <\/p>\n\n\n\n<p>Frankfurter Neue Presse, 09.04.2019<br>Revitalisierung Schlo\u00df Schaumburg<br><em>Neues Leben f\u00fcr die Schaumburg<\/em> <\/p>\n\n\n\n<p class=\"has-normal-font-size\">Main-Post W\u00fcrzburg, 23.08.2018<br>Neubau HLH-Hochhaus, W\u00fcrzburg<br><em>Ehemliges \u00c4mterhochhaus darf abgerissen werden<\/em><\/p>\n\n\n\n<p class=\"has-normal-font-size\">Main-Post W\u00fcrzburg, 04.08.2017<br>Neubau HLH-Hochhaus, W\u00fcrzburg<br><em>Baustopp am \u00c4mterhochhaus<\/em><\/p>\n\n\n\n<p class=\"has-normal-font-size\">Main-Post W\u00fcrzburg, 20.07.2017<br>Neubau HLH-Hochhaus, W\u00fcrzburg<br><em>\u00c4mterhochhaus: Nachbargeb\u00e4ude wird abgerissen<\/em><\/p>\n\n\n\n<p>wettbewerbe aktuell,  Heft 01\/17<br><em>St\u00e4dtebaulicher Ideenwettbewerb Hindenburgkaserne, Ulm ( 1.Preis )<\/em><\/p>\n\n\n\n<p>Stuttgarter Zeitung, 13.09.2015<br>Umnutzung Villa Scheufelen, Stuttgart<br><em>Knirpse \u00fcbernehmen die Villa<\/em><\/p>\n\n\n\n<p>Stuttgarter Zeitung, 12.06.2015<br>Umnutzung Villa Scheufelen, Stuttgart<br><em>Zeugnisgespr\u00e4che statt Noten<\/em><\/p>\n\n\n\n<p>Baumeister, Heft 10706<br>Modernisierung Haus Kahn, Stuttgart<br><em>Denkmalschutz<\/em><\/p>\n\n\n\n<p>Rhein-Neckar-Zeitung, 29.01.06<br><em>Kleine Pusteblume ( Projekt Umbau Waggonhalle zu Kita, Heidelberg-Rohrbach ) <\/em><\/p>\n\n\n\n<p>Rhein-Sieg-Anzeiger, 20.10.03<br><em>Der Reiz der R\u00fcckseite ( Projekt M\u00fchlenstra\u00dfe )<\/em><\/p>\n\n\n\n<p>Rhein-Sieg-Anzeiger, 15.10.02<br><em>Baubeginn Projekt M\u00fchlenstra\u00dfe <\/em><\/p>\n\n\n\n<p>K\u00f6lner Stadtanzeiger, 21.06.01<br><em>Bauprojekt M\u00fchlenstra\u00dfe<\/em><\/p>\n\n\n\n<p>Bauwelt, Heft 12\/00<br><em>Auszeichnung Vorbildlicher Bauten in NRW 99<\/em><\/p>\n\n\n\n<p>S\u00e4chsische Zeitung, 9.12.99<br><em>Japan.Palais \u00f6ffnet sich zur Elbe ( 2.Preis WB )<\/em><\/p>\n\n\n\n<p>Deutsches Architektenblatt, 12\/99<br><em>plan 99 : Ein Forum aktueller Architektur in K\u00f6ln<\/em><\/p>\n\n\n\n<p>Archithese, Heft 2\/99<br><em>Pragmatismus oder Vision: Dresden-Hellerau ( B-Plan Wohnbebauung Deutsche Werkst\u00e4tten ) <\/em><\/p>\n\n\n\n<p>K\u00f6lner Stadtanzeiger, Feuilleton 9.12.98<br><em>Architektur in NRW : Premiere f\u00fcr Preis, BDA-Preis NRW 1998<\/em><\/p>\n\n\n\n<p>Frankfurter Allgemeine Zeitung, Feuilleton 9.12.98<br><em>Bauspiele : BDA-Preis NRW 1998<\/em><\/p>\n\n\n\n<p>Bauwelt, Heft 44\/98<br><em>Die W\u00fcste ist rot, Gestaltungspreis der W\u00fcstenrot-Stiftung<\/em><\/p>\n\n\n\n<p>Frankfurter Allgemeine Zeitung, Immobilienmarkt&nbsp; 9.10.86<br><em>Neue Zwecke f\u00fcr alte Geb\u00e4ude ( V ): Wie eine Wagenhalle in eine Kindertagesst\u00e4tte verwandelt wird<\/em><\/p>\n\n\n\n<p>Baumeister, Heft 4\/98<br><em>Geb\u00e4uderecycling: Kindertagesst\u00e4tte in K\u00f6ln <\/em><\/p>\n\n\n\n<p>Baumeister,&nbsp;Exkursion Heft 1\/98<br><em>B\u00fcrogeb\u00e4ude f\u00fcr S\u00e4chs. Ministerium der Finanzen<\/em><\/p>\n\n\n\n<p>AIT, Heft 12\/97, Ausgabe ABIT<br><em>De-Dekoration: Finanz- und Kultusministerium Dresden<\/em><\/p>\n\n\n\n<p>Deutsches Architektenblatt,  AK NRW, Heft 10\/97<br><em>Vorgestellt: Vorbildliche Gewerbebauten, Umspannwerk MediaPark, K\u00f6ln <\/em><\/p>\n\n\n\n<p>Stadtbauwelt<br><em>Neue Terrasse \/ Ostra-Alle, Dresden ( 3.Preis )<\/em><\/p>\n\n\n\n<p>AIT spezial Intelligente Architektur, Sonderheft 8, 3\/97<br><em>Display Dreizack: Elemente auf dem Dach des Umspannwerks im K\u00f6lner MediaPark<\/em><\/p>\n\n\n\n<p>wettbewerbe aktuell,  Heft 3\/97<br><em>St\u00e4dtebaulicher Ideenwettbewerb: Neue Terrasse \/ Ostra-Allee ( 3.Preis )<\/em><\/p>\n\n\n\n<p>S\u00e4chsische Zeitung, Dresdner Zeitung, 18.1.97<br><em>Ideen f\u00fcr das Areal rechts vom Canaletto-Blick, St\u00e4dtebaulicher Wettbewerb ( 3.Preis ) <\/em><\/p>\n\n\n\n<p>Bausubstanz, Heft 1\/97<br><em>Details : Treppenkonstruktion im S\u00e4chsischen Finanzministerium Dresden<\/em><\/p>\n\n\n\n<p>K\u00f6lner Stadtanzeiger, Lokalteil, 10.12.96<br><em>Schillernd sch\u00f6n: Hologramme auf dem Dach des Umspannwerks im MediaPark<\/em><\/p>\n\n\n\n<p>wettbewerbe aktuell, Heft 10\/96<br><em>St\u00e4dtebaulicher Ideenwettbewerb: Erweiterung der Gartenstadt Hellerau; ( 3.Preis )<\/em><\/p>\n\n\n\n<p>S\u00e4chsische Zeitung, Dresdner Zeitung, 6.8.96<br><em>Gartenstadt-Wettbewerbe ( 3.Preis )<\/em><\/p>\n\n\n\n<p>GLAS Architektur u. Technik, Heft 4\/96<br><em>Fassaden mit lichtlenkenden Hologrammen: Licht- und Farbgestaltung am UW Media<\/em><\/p>\n\n\n\n<p>abitare, Heft 6\/96<br><em>Building in Eastern Germany: Reconstruction of the Ministry of Finance, Dresden<\/em><\/p>\n\n\n\n<p>aw, architektur + wettbewerbe, Heft 165, 3\/96<br><em>Kindertagesst\u00e4tte und Wohnen in der K\u00f6rnerstra\u00dfe in K\u00f6ln-Ehrenfeld&nbsp; ( 4.Preis Wettbewerb )<\/em><\/p>\n\n\n\n<p>K\u00f6lner Stadtanzeiger, Feuilleton, 14.2.96<br><em>Bescheidenheit wird eine Zier: K\u00f6lner Architekturpreis 95 <\/em><\/p>\n\n\n\n<p>architektur &amp; wirtschaft,  JOURNAL, Wiesbaden, Heft 12\/95<br><em>Wohnraum &#8211; bezahlbar und solide Sozial vertr\u00e4glicher Wohnungsbau in Dresden-Nickern <\/em><\/p>\n\n\n\n<p>Frankfurter Allgemeine,  Zeitung, Feuilleton 16.8.96<br><em>Ausged\u00e4mmert: Das Dresdener Finanzministerium <\/em><\/p>\n\n\n\n<p>architektur &amp; wirtschaft,  JOURNAL, Wiesbaden, Heft 6\/95<br><em>Sanierung\/Denkmalpflege: Alte Wagenhalle der K\u00f6lner Eisenbahn zur Kita umgebaut <\/em><\/p>\n\n\n\n<p>arch+,  Heft 126, 4\/95<br><em>Solararchitektur : Holographisch-optische Elemente am Umspannwerk der GEW<\/em><\/p>\n\n\n\n<p>wettbewerbe aktuell, Heft 1\/92<br><em>St\u00e4dtebaulicher Ideenwettbewerb Postplatz, Dresden; ( engere Wahl )<\/em><\/p>\n\n\n\n<p>DIE ZEIT ( M. Sack ),  Feuilleton, Ausgabe 15.2.91<br><em>Der Media-Park in K\u00f6ln : Ein Viertel f\u00fcr sich &nbsp;&nbsp;&nbsp;&nbsp;&nbsp;&nbsp;&nbsp;&nbsp;&nbsp;&nbsp;&nbsp;  <\/em><\/p>\n\n\n\n<p> Bauwelt, Heft 32\/90<br><em> Umspannwerk im MediaPark, K\u00f6ln<\/em><\/p>\n\n\n\n<p>wettbewerbe aktuell, Heft 7\/88<br><em>Grundsatz-Wettbewerb : Neuordnung der J.W.Goethe-Universit\u00e4t Frankfurt, ( 1.Preis )<\/em><\/p>\n\n\n\n<p>wettbewerbe aktuell, Heft 11\/87<br><em>Realisierungswettbewerb Neubau Postamt 1, Bonn&nbsp; ( 3.Preis ) <\/em><br><br><br><\/p>\n\n\n\n<p style=\"color:#dd890b\" class=\"has-text-color\">3. VER\u00d6FFENTLICHUNGEN IN B\u00dcCHERN<\/p>\n\n\n\n<p>Sigel, D\u00e4hmlow, Seehauser, Elmenhorst, Dieter Reimer Verlag 2006<br><em>Architekturf\u00fchrer Potsdam, Neubau Rundfunk- und B\u00fcrohaus ORB, Babelsberg<\/em><\/p>\n\n\n\n<p>Hrsg. W\u00fcstenrot-Stiftung, Karl Kr\u00e4mer Verlag 2006<br><em>Bauen f\u00fcr Kinder ( Kita Wagenhalle; K\u00f6ln )<\/em><\/p>\n\n\n\n<p>Helmut K\u00f6ster, Birkh\u00e4user Verlag 2004<br><em>Lichtlenkung mit Hologrammen : UW Media K\u00f6ln<\/em><\/p>\n\n\n\n<p>Gothaer Architekturf\u00fchrer K\u00f6ln, Leipzig 2003<br><em>Architekturf\u00fchrer K\u00f6ln<\/em><\/p>\n\n\n\n<p>Hrsg.Landeshauptstadt Dresden, Dresden 2000<br><em>Dresden &#8211; Europ\u00e4ische Stadt, R\u00fcckblick und Perspektiven der Stadtentwicklung<\/em><\/p>\n\n\n\n<p>Hrsg. S\u00e4chsisches Staatsministerium der Finanzen, Dresden 1999<br><em>S\u00e4chsische Staatskanzlei 1904 &#8211; 1999<\/em><\/p>\n\n\n\n<p>Hrsg. W\u00fcstenrot-Stiftung und Karl Kr\u00e4mer Verlag, Stuttgart 1999<br><em>Umnutzungen im Bestand : Neue Zwecke f\u00fcr alte Geb\u00e4ude ( Kindertagesst\u00e4tte Alte Wagenhalle )<\/em><\/p>\n\n\n\n<p>Hrsg. Bund Deutscher Architekten BDA, Nordrheinwestfalen, K\u00f6ln 1998<br><em>Baukultur in NRW 1999: Architekturpreis Nordrheinwestfalen<\/em><\/p>\n\n\n\n<p>Verlag M\u00fcller + Busmann, Wuppertal 1998<br><em>architekten almanach K\u00f6ln<\/em><\/p>\n\n\n\n<p>Hrsg. Ministerium f\u00fcr Stadtentwicklung Kultur u. Sport des Landes NRW, 1997<br><em>Vorbildliche Gewerbebauten in Handel, Handwerk und Industrie<\/em><\/p>\n\n\n\n<p>H. Fu\u00dfbroich, Bachem Verlag 1997<br><em>Architekturf\u00fchrer K\u00f6ln, Profane Architektur nach 1990<\/em><\/p>\n\n\n\n<p>Hrsg. R.&amp; E.Hoffmann und F\u00f6rderverein, Kunsthalle, K\u00f6ln, 1996<br><em>Kunsthalle Dresden ein Projekt Architektur: Frank Stella ( von Einsiedel als Kontaktarchitekt )<\/em><\/p>\n\n\n\n<p>Schriftenreihe Stadterneuerung der Stadt K\u00f6ln, Band 7, 1\/96<br><em>Realisierungswettbewerb : Kindertagesst\u00e4tte und Wohnen in der K\u00f6rnerstr.93&nbsp; K\u00f6ln\/Ehrenfeld<\/em><\/p>\n\n\n\n<p>Verlag Buch und Film, Wiesbaden, 1995<br><em>Architekten in NRW, v.Einsiedel Haeffner Architekten&nbsp; K\u00f6ln\/Dresden<\/em><\/p>\n\n\n\n<p>Nelte Verlag, Wiesbaden, 1995<br><em>Junge Beitr\u00e4ge zur Architektur Nordrhein-Westfalen, von Einsiedel + Haeffner<\/em><\/p>\n\n\n\n<p>Hrsg.S\u00e4chsisches Staatsministerium der Finanzen, Dresden 1995<br><em>Finanzministerialgeb\u00e4ude, 1893 &#8211; 1995<\/em><br><br><br><\/p>\n\n\n\n<p style=\"color:#dd890b\" class=\"has-text-color\">4. BERICHTE IN INTERNETPORTALEN \/ TV<\/p>\n\n\n\n<p>swr.de<br>Landesschau Rheinland-Pfalz 07.06.2019<br><em>Neues Leben auf der Schaumburg<\/em><\/p>\n\n\n\n<p> www.aknw.de<br>Auszeichnung vorbildliche Bauten 2000<br><em>Projekte UW Media und Kita Wagenhalle <\/em><\/p>\n\n\n\n<p>www.koelnarchitektur.de<br><em>Projekte UW Media und Kita Wagenhalle <\/em><\/p>\n\n\n\n<p><\/p>\n\n\n\n<p><em><br><\/em>  <\/p>\n","protected":false},"excerpt":{"rendered":"<p>1.&nbsp;EIGENE VER\u00d6FFENTLICHUNGEN ach .Ansichten zur Architektur, Heft 21\/2006\u201dKochenhof &#8211; im Kern modern?\u201d Schriftenreihe d. Instituts f. Massivbau, TH Darmstadt; Heft 20; 10\/99\u201dBauten im Wandel\u201d: Drei Dresdner Regierungsbauten Bausubstanz, Heft 1\/97Die Magie der reinen Form : Umbau des ehemals K\u00f6nigl. S\u00e4chsischen Finanzministeriums in Dresden Schriftenreihe d. Stadterneuerungsamts, Dresden 1993Erneuerungskonzept ( Text- und Planteil ), Stadterneuerung f\u00fcr [&hellip;]<\/p>\n","protected":false},"author":2,"featured_media":0,"parent":0,"menu_order":0,"comment_status":"closed","ping_status":"closed","template":"","meta":{"_vp_format_video_url":"","_vp_image_focal_point":[],"footnotes":""},"folder":[4],"class_list":["post-100","page","type-page","status-publish","hentry"],"_links":{"self":[{"href":"http:\/\/einsiedel-architekten.de\/cms\/wp-json\/wp\/v2\/pages\/100","targetHints":{"allow":["GET"]}}],"collection":[{"href":"http:\/\/einsiedel-architekten.de\/cms\/wp-json\/wp\/v2\/pages"}],"about":[{"href":"http:\/\/einsiedel-architekten.de\/cms\/wp-json\/wp\/v2\/types\/page"}],"author":[{"embeddable":true,"href":"http:\/\/einsiedel-architekten.de\/cms\/wp-json\/wp\/v2\/users\/2"}],"replies":[{"embeddable":true,"href":"http:\/\/einsiedel-architekten.de\/cms\/wp-json\/wp\/v2\/comments?post=100"}],"version-history":[{"count":30,"href":"http:\/\/einsiedel-architekten.de\/cms\/wp-json\/wp\/v2\/pages\/100\/revisions"}],"predecessor-version":[{"id":1812,"href":"http:\/\/einsiedel-architekten.de\/cms\/wp-json\/wp\/v2\/pages\/100\/revisions\/1812"}],"wp:attachment":[{"href":"http:\/\/einsiedel-architekten.de\/cms\/wp-json\/wp\/v2\/media?parent=100"}],"wp:term":[{"taxonomy":"folder","embeddable":true,"href":"http:\/\/einsiedel-architekten.de\/cms\/wp-json\/wp\/v2\/folder?post=100"}],"curies":[{"name":"wp","href":"https:\/\/api.w.org\/{rel}","templated":true}]}}